 -767*y - 378897. What is x(-494)?
1
Let g(f) = 2*f**3 - 190*f**2 - 4610*f - 179. Calculate g(-20).
21
Let v(t) = -132820*t + 16735326. What is v(126)?
6
Let f(j) = -j**3 - 75*j**2 - 1408*j - 44. Calculate f(-36).
100
Let w(m) = m**3 + 167*m**2 + 315*m - 1338. What is w(-165)?
1137
Let y(m) = -2*m**3 + 51*m**2 + 1193*m - 5449. What is y(4)?
11
Let o(l) = 217*l**2 + 9535*l - 805. Calculate o(-44).
-233
Let u(d) = 21*d**2 + 570*d - 907. Give u(-29).
224
Let y(n) = 50010*n - 200038. Calculate y(4).
2
Let m(k) = 3*k**2 + 85*k + 573. Calculate m(-17).
-5
Let g(d) = d**2 + 427*d - 9833. Determine g(22).
45
Let v(q) = -9*q**3 + 2746*q**2 - 2747*q + 2. What is v(1)?
-8
Let m(j) = 48*j**2 - 415*j + 602. Give m(7).
49
Let p(z) = 953*z + 14303. What is p(-15)?
8
Let l(w) = 8*w**2 + 229*w - 10. Calculate l(-31).
579
Let n(t) = t**3 + 35*t**2 + 4581*t + 64209. Give n(-15).
-6
Let g(x) = 429*x - 147191. Give g(343).
-44
Let k(z) = -z**2 + 127*z - 1603. Determine k(107).
537
Let r(v) = -v**2 + 674*v + 24699. Calculate r(-37).
-1608
Let l(p) = -11*p**2 + 20*p + 2744. Determine l(17).
-95
Let x(j) = -502*j + 16798. Determine x(32).
734
Let t(p) = -234*p - 3271. Calculate t(-14).
5
Let f(g) = -282247*g - 1693483. Calculate f(-6).
-1
Let p(r) = 62378*r - 748553. Determine p(12).
-17
Let c(i) = 3*i**2 - 17*i - 1157. Give c(-17).
-1
Let o(n) = -3392*n + 10156. What is o(3)?
-20
Let n(g) = 8*g**3 + 1872*g**2 - 11*g - 1043. Determine n(-234).
1531
Let q(y) = -33905*y + 1051022. What is q(31)?
-33
Let p(v) = -9027*v + 90280. Give p(10).
10
Let c(i) = -2756*i + 873663. What is c(317)?
11
Let k(m) = m**3 - 155*m**2 + 193*m - 4001. What is k(154)?
2005
Let b(q) = 34*q**3 + 274*q**2 - 33*q - 49. Determine b(-8).
343
Let o(t) = -2439*t**2 - 63410*t + 106. Calculate o(-26).
2
Let b(a) = 7149*a - 114181. Determine b(16).
203
Let y(q) = -30196*q + 11987826. What is y(397)?
14
Let m(z) = 5777*z - 912703. What is m(158)?
63
Let a(x) = -38972*x + 4208981. Determine a(108).
5
Let d(z) = 92*z**2 - 51981*z + 561. Give d(565).
-4
Let t(c) = -2*c**3 - 6*c**2 + 2287*c - 2. Determine t(0).
-2
Let o(i) = 1172*i - 30386. Give o(25).
-1086
Let x(b) = -3*b**2 + 42*b + 1028. What is x(-15)?
-277
Let i(d) = -d**2 - 38652*d + 115950. What is i(3)?
-15
Let l(f) = -2*f**2 + 874*f - 83477. What is l(296)?
-5
Let i(c) = 2*c**3 - 16*c**2 + 14364*c - 100456. What is i(7)?
-6
Let h(k) = 2*k**3 + 224*k**2 + 1057*k + 92697. Determine h(-111).
12
Let i(t) = 243*t + 86756. Give i(-357).
5
Let o(q) = q**3 - 6*q**2 - 2390*q + 28565. What is o(45)?
-10
Let y(x) = -14*x**3 + 45*x**2 - 318*x + 273. Give y(1).
-14
Let g(u) = -28*u**3 + 11*u**2 - 11*u + 6. Calculate g(3).
-684
Let v(a) = -7*a**2 + 345*a + 3001. Give v(-8).
-207
Let v(s) = 2118*s - 16293. What is v(10)?
4887
Let v(h) = -793412*h + 7934124. Calculate v(10).
4
Let x(h) = 8567*h - 42978. What is x(5)?
-143
Let i(f) = -f**3 - 5*f**2 + 1283*f + 7660. Calculate i(-6).
-2
Let q(a) = a**3 + 112*a**2 + 926*a - 167. Determine q(-103).
-64
Let a(m) = -22*m**2 - 3943*m - 878. Determine a(-179).
17
Let r(a) = 44*a**2 + 419*a. Give r(-9).
-207
Let w(r) = 7*r**2 + 369*r - 3312. Determine w(9).
576
Let l(w) = 4080*w**2 - 12219*w - 93. Give l(3).
-30
Let m(x) = 522751*x - 6273005. What is m(12)?
7
Let b(i) = -179*i**2 - 164*i - 322. Calculate b(-2).
-710
Let z(p) = -55*p**2 + 658*p - 531. Give z(11).
52
Let s(b) = 33*b**2 - 234*b - 3492. Calculate s(-16).
8700
Let p(u) = -10*u**2 + 2545*u + 145207. Calculate p(-48).
7
Let m(q) = 382*q - 780. What is m(2)?
-16
Let g(l) = l**3 - 268*l - 185. Determine g(-16).
7
Let q(u) = -u**3 - 55*u**2 - 4*u - 339. Calculate q(-55).
-119
Let u(n) = -n**3 + 308*n**2 - 8134*n + 11991. Calculate u(279).
-6
Let p(t) = t**3 + 12488*t + 99987. What is p(-8)?
-429
Let h(w) = -29492*w + 3863439. What is h(131)?
-13
Let v(b) = -625*b**2 + 491*b + 1512. What is v(-3)?
-5586
Let l(r) = -147*r - 194484. Determine l(-1323).
-3
Let r(u) = -14899*u + 506565. Calculate r(34).
-1
Let j(i) = 24164*i - 144773. Calculate j(6).
211
Let t(w) = 3*w**2 - 102*w + 302. Calculate t(24).
-418
Let r(i) = 168207*i - 12447326. What is r(74)?
-8
Let b(y) = y**2 + 11090*y + 132894. Determine b(-12).
-42
Let f(y) = -5*y**2 + 951*y - 619. Determine f(190).
-429
Let j(i) = 102*i**3 - 9*i**2 - 26*i - 7. Give j(-2).
-807
Let h(a) = -3*a**2 + 75*a + 2166. What is h(-20)?
-534
Let f(r) = -9*r**2 - 629*r - 2364. What is f(-4)?
8
Let j(q) = -2*q**3 + 35*q**2 - 167*q + 280. Determine j(11).
16
Let h(a) = a**3 - 155*a**2 + 720*a + 212. Give h(5).
62
Let u(m) = 3*m**3 + 36*m**2 - 44*m + 10. What is u(-6)?
922
Let f(y) = 39*y**3 - 140*y**2 - 152*y - 11. Calculate f(-1).
-38
Let n(k) = -21*k**3 - 27*k**2 - 100*k + 396. Calculate n(4).
-1780
Let o(u) = -229*u - 7306. Give o(-34).
480
Let o(x) = 1400*x + 123170. Determine o(-88).
-30
Let t(w) = 40203*w - 201002. Give t(5).
13
Let q(d) = -4380*d - 197105. Give q(-45).
-5
Let l(i) = i**2 - 274*i + 9378. Determine l(40).
18
Let p(q) = 466*q - 1031. Give p(4).
833
Let y(r) = 67*r**2 + 10112*r - 753. Give y(-151).
2
Let h(u) = -64*u**2 + 2132*u - 4261. Calculate h(2).
-253
Let g(i) = 1814*i - 5538. Calculate g(3).
-96
Let a(x) = 337759*x + 6755215. Calculate a(-20).
35
Let x(g) = -3626*g**2 + 21722*g - 2. Give x(6).
-206
Let m(o) = 2*o**3 - 13*o**2 - 180*o + 1330. Give m(8).
82
Let v(h) = 5*h**3 - 1251*h**2 - 14366*h + 15. Give v(-11).
15
Let t(g) = 5360*g - 32272. What is t(6)?
-112
Let d(b) = 6*b**2 - 18*b - 468. What is d(10)?
-48
Let k(c) = -406*c - 4318. Calculate k(-12).
554
Let d(g) = -3*g**2 + 594*g + 63628. Determine d(275).
103
Let t(v) = -v**3 + 57*v**2 + 36*v + 1895. Give t(58).
619
Let q(y) = 513*y**3 - 5*y**2 + 6*y - 4. What is q(1)?
510
Let y(w) = -w**3 + 6*w**2 + 9*w + 391. What is y(0)?
391
Let g(r) = -r**3 + 213*r**2 + 2673*r + 5508. Give g(225).
-567
Let t(j) = j**2 - 6*j - 874. What is t(32)?
-42
Let o(d) = 2*d**3 - 287*d**2 + 9630*d + 108. What is o(90)?
108
Let m(c) = 23*c**2 - 104*c + 546. Give m(0).
546
Let f(q) = 2*q**3 + 1121*q**2 + 104754*q - 8. What is f(-442)?
-8
Let f(a) = -31*a**2 + 1684*a - 3763. Determine f(52).
-19
Let p(x) = x**2 - 120*x + 1816. Calculate p(19).
-103
Let f(x) = 100*x - 28519. Calculate f(288).
281
Let q(r) = -2*r**2 + 109*r - 430. Calculate q(49).
109
Let k(d) = 308*d + 48. Give k(-1).
-260
Let q(y) = 16*y**2 + 1398*y + 15538. Calculate q(-13).
68
Let y(j) = 395743*j - 7123357. Calculate y(18).
17
Let d(o) = o**2 + 75435*o - 452643. Calculate d(6).
3
Let q(t) = -8157*t + 367140. Give q(45).
75
Let f(w) = -5166*w - 41324. Calculate f(-8).
4
Let n(m) = 72*m**3 + 352*m**2 - 25*m + 10. Determine n(-5).
-65
Let g(h) = h**2 - 712*h + 9776. Calculate g(698).
4
Let x(t) = 5*t**2 - 274*t - 80. Calculate x(55).
-25
Let m(y) = -46313*y + 20562978. What is m(444)?
6
Let u(j) = j**3 + 129*j**2 - 544*j - 70208. Determine u(-129).
-32
Let u(n) = -24*n**3 + 8*n**2 + 13*n - 4. Calculate u(3).
-541
Let s(l) = 102*l**2 - 25605*l + 716. What is s(251)?
-37
Let j(m) = m**3 + 231*m**2 + 958*m - 88192. Determine j(-225).
8
Let h(g) = -619*g**2 - 14203*g + 794. Give h(-23).
12
Let c(m) = -83*m**2 - 372*m - 2835. What is c(-8)?
-5171
Let u(h) = -314*h**2 + 883*h + 157. What is u(3)?
-20
Let l(a) = a**2 - 170*a + 4876. Calculate l(29).
787
Let m(p) = 428*p + 65594. Give m(-153).
110
Let x(q) = q**3 + 204*q**2 + 419*q - 789. What is x(-202)?
-3819
Let u(i) = 6*i**3 + 88*i**2 - 133*i + 79. What is u(-16)?
159
Let h(r) = -16679*r + 1884766. Calculate h(113).
39
Let t(x) = x**3 + 24*x**2 - 269*x - 5709. Calculate t(-14).
17
Let a(d) = 383*d**2 + 25*d - 19. What is a(3)?
3503
Let y(f) = -2*f**3 - 46*f**2 + 3576*f + 82247. Calculate y(-23).
-1
Let l(y) = 4896*y + 107693. What is l(-22)?
-19
Let h(x) = -5*x**3 + 254*x**2 + 1177*x - 1213. What is h(55)?
-3
Let n(m) = -42*m**2 - 62124*m - 8845. What is n(-1479)?
29
Let y(s) = 2*s**2 + 147271*s - 736425. What is y(5)?
-20
Let y(o) = 181*o - 2412. Determine y(11).
-421
Let a(j) = -13*j**2 + 391*j + 248. Determine a(22).
2558
Let h(u) = 3325*u + 505406. Determine h(-152).
6
Let h(i) = 3440*i - 20665. Calculate h(6).
-25
Let y(z) = -2304*z - 29798. Determine y(-13).
154
Let c(x) = -2*x**2 + 2286*x - 505816. Give c(843).
-16
Let f(i) = -2*i**2 + 79042*i - 474215.